{"id":1672,"date":"2018-02-15T11:44:11","date_gmt":"2018-02-15T10:44:11","guid":{"rendered":"http:\/\/gdzielamymowiadobranoc.pl\/wp-content\/uploads\/2018\/02\/2017-01-30-14.52.29_jj.jpg"},"modified":"2018-02-15T11:49:24","modified_gmt":"2018-02-15T10:49:24","slug":"2017-01-30-14-52-29_jj","status":"inherit","type":"attachment","link":"http:\/\/gdzielamymowiadobranoc.pl\/index.php\/2018\/02\/15\/gory-bystrzyckie-orlickie-narty-piesze-wedrowki-powojenne-opowiesci\/2017-01-30-14-52-29_jj\/","title":{"rendered":"Droga na pograniczu polsko-czeskim"},"author":1,"featured_media":0,"comment_status":"open","ping_status":"closed","template":"","meta":{"_monsterinsights_skip_tracking":false,"_monsterinsights_sitenote_active":false,"_monsterinsights_sitenote_note":"","_monsterinsights_sitenote_category":0},"class_list":["post-1672","attachment","type-attachment","status-inherit","hentry"],"yoast_head":"<!-- This site is optimized with the Yoast SEO plugin v17.5 - https:\/\/yoast.com\/wordpress\/plugins\/seo\/ -->\n<meta name=\"robots\" content=\"index, follow, max-snippet:-1, max-image-preview:large, max-video-preview:-1\" \/>\n<link rel=\"canonical\" href=\"https:\/\/gdzielamymowiadobranoc.pl\/wp-content\/uploads\/2018\/02\/2017-01-30-14.52.29_jj.jpg\" \/>\n<meta property=\"og:locale\" content=\"pl_PL\" \/>\n<meta property=\"og:type\" content=\"article\" \/>\n<meta property=\"og:title\" content=\"Droga na pograniczu polsko-czeskim - Gdzie lamy m\u00f3wi\u0105 dobranoc\" \/>\n<meta property=\"og:url\" content=\"https:\/\/gdzielamymowiadobranoc.pl\/wp-content\/uploads\/2018\/02\/2017-01-30-14.52.29_jj.jpg\" \/>\n<meta property=\"og:site_name\" content=\"Gdzie lamy m\u00f3wi\u0105 dobranoc\" \/>\n<meta property=\"article:modified_time\" content=\"2018-02-15T10:49:24+00:00\" \/>\n<meta property=\"og:image\" content=\"https:\/\/gdzielamymowiadobranoc.pl\/wp-content\/uploads\/2018\/02\/2017-01-30-14.52.29_jj.jpg\" \/>\n\t<meta property=\"og:image:width\" content=\"800\" \/>\n\t<meta property=\"og:image:height\" content=\"592\" \/>\n<meta name=\"twitter:card\" content=\"summary\" \/>\n<script type=\"application\/ld+json\" class=\"yoast-schema-graph\">{\"@context\":\"https:\/\/schema.org\",\"@graph\":[{\"@type\":\"WebSite\",\"@id\":\"http:\/\/gdzielamymowiadobranoc.pl\/#website\",\"url\":\"http:\/\/gdzielamymowiadobranoc.pl\/\",\"name\":\"Gdzie lamy m\\u00f3wi\\u0105 dobranoc\",\"description\":\"czyli opowie\\u015bci z miejsc niezwyk\\u0142ych\",\"potentialAction\":[{\"@type\":\"SearchAction\",\"target\":{\"@type\":\"EntryPoint\",\"urlTemplate\":\"http:\/\/gdzielamymowiadobranoc.pl\/?s={search_term_string}\"},\"query-input\":\"required name=search_term_string\"}],\"inLanguage\":\"pl-PL\"},{\"@type\":\"WebPage\",\"@id\":\"https:\/\/gdzielamymowiadobranoc.pl\/wp-content\/uploads\/2018\/02\/2017-01-30-14.52.29_jj.jpg#webpage\",\"url\":\"https:\/\/gdzielamymowiadobranoc.pl\/wp-content\/uploads\/2018\/02\/2017-01-30-14.52.29_jj.jpg\",\"name\":\"Droga na pograniczu polsko-czeskim - Gdzie lamy m\\u00f3wi\\u0105 dobranoc\",\"isPartOf\":{\"@id\":\"http:\/\/gdzielamymowiadobranoc.pl\/#website\"},\"datePublished\":\"2018-02-15T10:44:11+00:00\",\"dateModified\":\"2018-02-15T10:49:24+00:00\",\"breadcrumb\":{\"@id\":\"https:\/\/gdzielamymowiadobranoc.pl\/wp-content\/uploads\/2018\/02\/2017-01-30-14.52.29_jj.jpg#breadcrumb\"},\"inLanguage\":\"pl-PL\",\"potentialAction\":[{\"@type\":\"ReadAction\",\"target\":[\"https:\/\/gdzielamymowiadobranoc.pl\/wp-content\/uploads\/2018\/02\/2017-01-30-14.52.29_jj.jpg\"]}]},{\"@type\":\"BreadcrumbList\",\"@id\":\"https:\/\/gdzielamymowiadobranoc.pl\/wp-content\/uploads\/2018\/02\/2017-01-30-14.52.29_jj.jpg#breadcrumb\",\"itemListElement\":[{\"@type\":\"ListItem\",\"position\":1,\"name\":\"Strona g\\u0142\\u00f3wna\",\"item\":\"http:\/\/gdzielamymowiadobranoc.pl\/\"},{\"@type\":\"ListItem\",\"position\":2,\"name\":\"G\\u00f3ry Bystrzyckie i Orlickie \\u2013 na narty, piesze w\\u0119dr\\u00f3wki i po powojenne opowie\\u015bci\",\"item\":\"https:\/\/gdzielamymowiadobranoc.pl\/index.php\/2018\/02\/15\/gory-bystrzyckie-orlickie-narty-piesze-wedrowki-powojenne-opowiesci\/\"},{\"@type\":\"ListItem\",\"position\":3,\"name\":\"Droga na pograniczu polsko-czeskim\"}]}]}<\/script>\n<!-- \/ Yoast SEO plugin. -->","yoast_head_json":{"robots":{"index":"index","follow":"follow","max-snippet":"max-snippet:-1","max-image-preview":"max-image-preview:large","max-video-preview":"max-video-preview:-1"},"canonical":"https:\/\/gdzielamymowiadobranoc.pl\/wp-content\/uploads\/2018\/02\/2017-01-30-14.52.29_jj.jpg","og_locale":"pl_PL","og_type":"article","og_title":"Droga na pograniczu polsko-czeskim - Gdzie lamy m\u00f3wi\u0105 dobranoc","og_url":"https:\/\/gdzielamymowiadobranoc.pl\/wp-content\/uploads\/2018\/02\/2017-01-30-14.52.29_jj.jpg","og_site_name":"Gdzie lamy m\u00f3wi\u0105 dobranoc","article_modified_time":"2018-02-15T10:49:24+00:00","og_image":[{"width":800,"height":592,"url":"https:\/\/gdzielamymowiadobranoc.pl\/wp-content\/uploads\/2018\/02\/2017-01-30-14.52.29_jj.jpg","type":"image\/jpeg"}],"twitter_card":"summary","schema":{"@context":"https:\/\/schema.org","@graph":[{"@type":"WebSite","@id":"http:\/\/gdzielamymowiadobranoc.pl\/#website","url":"http:\/\/gdzielamymowiadobranoc.pl\/","name":"Gdzie lamy m\u00f3wi\u0105 dobranoc","description":"czyli opowie\u015bci z miejsc niezwyk\u0142ych","potentialAction":[{"@type":"SearchAction","target":{"@type":"EntryPoint","urlTemplate":"http:\/\/gdzielamymowiadobranoc.pl\/?s={search_term_string}"},"query-input":"required name=search_term_string"}],"inLanguage":"pl-PL"},{"@type":"WebPage","@id":"https:\/\/gdzielamymowiadobranoc.pl\/wp-content\/uploads\/2018\/02\/2017-01-30-14.52.29_jj.jpg#webpage","url":"https:\/\/gdzielamymowiadobranoc.pl\/wp-content\/uploads\/2018\/02\/2017-01-30-14.52.29_jj.jpg","name":"Droga na pograniczu polsko-czeskim - Gdzie lamy m\u00f3wi\u0105 dobranoc","isPartOf":{"@id":"http:\/\/gdzielamymowiadobranoc.pl\/#website"},"datePublished":"2018-02-15T10:44:11+00:00","dateModified":"2018-02-15T10:49:24+00:00","breadcrumb":{"@id":"https:\/\/gdzielamymowiadobranoc.pl\/wp-content\/uploads\/2018\/02\/2017-01-30-14.52.29_jj.jpg#breadcrumb"},"inLanguage":"pl-PL","potentialAction":[{"@type":"ReadAction","target":["https:\/\/gdzielamymowiadobranoc.pl\/wp-content\/uploads\/2018\/02\/2017-01-30-14.52.29_jj.jpg"]}]},{"@type":"BreadcrumbList","@id":"https:\/\/gdzielamymowiadobranoc.pl\/wp-content\/uploads\/2018\/02\/2017-01-30-14.52.29_jj.jpg#breadcrumb","itemListElement":[{"@type":"ListItem","position":1,"name":"Strona g\u0142\u00f3wna","item":"http:\/\/gdzielamymowiadobranoc.pl\/"},{"@type":"ListItem","position":2,"name":"G\u00f3ry Bystrzyckie i Orlickie \u2013 na narty, piesze w\u0119dr\u00f3wki i po powojenne opowie\u015bci","item":"https:\/\/gdzielamymowiadobranoc.pl\/index.php\/2018\/02\/15\/gory-bystrzyckie-orlickie-narty-piesze-wedrowki-powojenne-opowiesci\/"},{"@type":"ListItem","position":3,"name":"Droga na pograniczu polsko-czeskim"}]}]}},"description":{"rendered":"<p class=\"attachment\"><a href='http:\/\/gdzielamymowiadobranoc.pl\/wp-content\/uploads\/2018\/02\/2017-01-30-14.52.29_jj.jpg'><img loading=\"lazy\" decoding=\"async\" width=\"300\" height=\"222\" src=\"http:\/\/gdzielamymowiadobranoc.pl\/wp-content\/uploads\/2018\/02\/2017-01-30-14.52.29_jj-300x222.jpg\" class=\"attachment-medium size-medium\" alt=\"\" srcset=\"http:\/\/gdzielamymowiadobranoc.pl\/wp-content\/uploads\/2018\/02\/2017-01-30-14.52.29_jj-300x222.jpg 300w, http:\/\/gdzielamymowiadobranoc.pl\/wp-content\/uploads\/2018\/02\/2017-01-30-14.52.29_jj-768x568.jpg 768w, http:\/\/gdzielamymowiadobranoc.pl\/wp-content\/uploads\/2018\/02\/2017-01-30-14.52.29_jj.jpg 800w\" sizes=\"auto, (max-width: 300px) 100vw, 300px\" \/><\/a><\/p>\n"},"caption":{"rendered":""},"alt_text":"","media_type":"image","mime_type":"image\/jpeg","media_details":{"width":800,"height":592,"file":"2018\/02\/2017-01-30-14.52.29_jj.jpg","sizes":{"thumbnail":{"file":"2017-01-30-14.52.29_jj-150x150.jpg","width":150,"height":150,"mime_type":"image\/jpeg","source_url":"http:\/\/gdzielamymowiadobranoc.pl\/wp-content\/uploads\/2018\/02\/2017-01-30-14.52.29_jj-150x150.jpg"},"medium":{"file":"2017-01-30-14.52.29_jj-300x222.jpg","width":300,"height":222,"mime_type":"image\/jpeg","source_url":"http:\/\/gdzielamymowiadobranoc.pl\/wp-content\/uploads\/2018\/02\/2017-01-30-14.52.29_jj-300x222.jpg"},"medium_large":{"file":"2017-01-30-14.52.29_jj-768x568.jpg","width":768,"height":568,"mime_type":"image\/jpeg","source_url":"http:\/\/gdzielamymowiadobranoc.pl\/wp-content\/uploads\/2018\/02\/2017-01-30-14.52.29_jj-768x568.jpg"},"post-thumbnail":{"file":"2017-01-30-14.52.29_jj-672x372.jpg","width":672,"height":372,"mime_type":"image\/jpeg","source_url":"http:\/\/gdzielamymowiadobranoc.pl\/wp-content\/uploads\/2018\/02\/2017-01-30-14.52.29_jj-672x372.jpg"},"twentyfourteen-full-width":{"file":"2017-01-30-14.52.29_jj-800x576.jpg","width":800,"height":576,"mime_type":"image\/jpeg","source_url":"http:\/\/gdzielamymowiadobranoc.pl\/wp-content\/uploads\/2018\/02\/2017-01-30-14.52.29_jj-800x576.jpg"},"rpwe-thumbnail":{"file":"2017-01-30-14.52.29_jj-45x45.jpg","width":45,"height":45,"mime_type":"image\/jpeg","source_url":"http:\/\/gdzielamymowiadobranoc.pl\/wp-content\/uploads\/2018\/02\/2017-01-30-14.52.29_jj-45x45.jpg"},"full":{"file":"2017-01-30-14.52.29_jj.jpg","width":800,"height":592,"mime_type":"image\/jpeg","source_url":"http:\/\/gdzielamymowiadobranoc.pl\/wp-content\/uploads\/2018\/02\/2017-01-30-14.52.29_jj.jpg"}},"image_meta":{"aperture":"2.4","credit":"Picasa","camera":"Nexus 5","caption":"","created_timestamp":"1485787949","copyright":"","focal_length":"3.97","iso":"100","shutter_speed":"0.001429","title":"","orientation":"0","keywords":[]}},"post":1653,"source_url":"http:\/\/gdzielamymowiadobranoc.pl\/wp-content\/uploads\/2018\/02\/2017-01-30-14.52.29_jj.jpg","_links":{"self":[{"href":"http:\/\/gdzielamymowiadobranoc.pl\/index.php\/wp-json\/wp\/v2\/media\/1672","targetHints":{"allow":["GET"]}}],"collection":[{"href":"http:\/\/gdzielamymowiadobranoc.pl\/index.php\/wp-json\/wp\/v2\/media"}],"about":[{"href":"http:\/\/gdzielamymowiadobranoc.pl\/index.php\/wp-json\/wp\/v2\/types\/attachment"}],"author":[{"embeddable":true,"href":"http:\/\/gdzielamymowiadobranoc.pl\/index.php\/wp-json\/wp\/v2\/users\/1"}],"replies":[{"embeddable":true,"href":"http:\/\/gdzielamymowiadobranoc.pl\/index.php\/wp-json\/wp\/v2\/comments?post=1672"}],"wp:attached-to":[{"embeddable":true,"post_type":"post","id":1653,"href":"http:\/\/gdzielamymowiadobranoc.pl\/index.php\/wp-json\/wp\/v2\/posts\/1653"}],"curies":[{"name":"wp","href":"https:\/\/api.w.org\/{rel}","templated":true}]}}

<!-- This site is optimized with the Yoast SEO plugin v17.5 - https://yoast.com/wordpress/plugins/seo/ -->
<meta name="robots" content="index, follow, max-snippet:-1, max-image-preview:large, max-video-preview:-1" />
<link rel="canonical" href="https://gdzielamymowiadobranoc.pl/wp-content/uploads/2018/02/2017-01-30-14.52.29_jj.jpg" />
<meta property="og:locale" content="pl_PL" />
<meta property="og:type" content="article" />
<meta property="og:title" content="Droga na pograniczu polsko-czeskim - Gdzie lamy mówią dobranoc" />
<meta property="og:url" content="https://gdzielamymowiadobranoc.pl/wp-content/uploads/2018/02/2017-01-30-14.52.29_jj.jpg" />
<meta property="og:site_name" content="Gdzie lamy mówią dobranoc" />
<meta property="article:modified_time" content="2018-02-15T10:49:24+00:00" />
<meta property="og:image" content="https://gdzielamymowiadobranoc.pl/wp-content/uploads/2018/02/2017-01-30-14.52.29_jj.jpg" />
	<meta property="og:image:width" content="800" />
	<meta property="og:image:height" content="592" />
<meta name="twitter:card" content="summary" />
<script type="application/ld+json" class="yoast-schema-graph">{"@context":"https://schema.org","@graph":[{"@type":"WebSite","@id":"http://gdzielamymowiadobranoc.pl/#website","url":"http://gdzielamymowiadobranoc.pl/","name":"Gdzie lamy m\u00f3wi\u0105 dobranoc","description":"czyli opowie\u015bci z miejsc niezwyk\u0142ych","potentialAction":[{"@type":"SearchAction","target":{"@type":"EntryPoint","urlTemplate":"http://gdzielamymowiadobranoc.pl/?s={search_term_string}"},"query-input":"required name=search_term_string"}],"inLanguage":"pl-PL"},{"@type":"WebPage","@id":"https://gdzielamymowiadobranoc.pl/wp-content/uploads/2018/02/2017-01-30-14.52.29_jj.jpg#webpage","url":"https://gdzielamymowiadobranoc.pl/wp-content/uploads/2018/02/2017-01-30-14.52.29_jj.jpg","name":"Droga na pograniczu polsko-czeskim - Gdzie lamy m\u00f3wi\u0105 dobranoc","isPartOf":{"@id":"http://gdzielamymowiadobranoc.pl/#website"},"datePublished":"2018-02-15T10:44:11+00:00","dateModified":"2018-02-15T10:49:24+00:00","breadcrumb":{"@id":"https://gdzielamymowiadobranoc.pl/wp-content/uploads/2018/02/2017-01-30-14.52.29_jj.jpg#breadcrumb"},"inLanguage":"pl-PL","potentialAction":[{"@type":"ReadAction","target":["https://gdzielamymowiadobranoc.pl/wp-content/uploads/2018/02/2017-01-30-14.52.29_jj.jpg"]}]},{"@type":"BreadcrumbList","@id":"https://gdzielamymowiadobranoc.pl/wp-content/uploads/2018/02/2017-01-30-14.52.29_jj.jpg#breadcrumb","itemListElement":[{"@type":"ListItem","position":1,"name":"Strona g\u0142\u00f3wna","item":"http://gdzielamymowiadobranoc.pl/"},{"@type":"ListItem","position":2,"name":"G\u00f3ry Bystrzyckie i Orlickie \u2013 na narty, piesze w\u0119dr\u00f3wki i po powojenne opowie\u015bci","item":"https://gdzielamymowiadobranoc.pl/index.php/2018/02/15/gory-bystrzyckie-orlickie-narty-piesze-wedrowki-powojenne-opowiesci/"},{"@type":"ListItem","position":3,"name":"Droga na pograniczu polsko-czeskim"}]}]}</script>
<!-- / Yoast SEO plugin. -->

Droga na pograniczu polsko-czeskim - Gdzie lamy mówią dobranoc

Gdzie lamy mówią dobranoc

czyli opowieści z miejsc niezwykłych

Strona główna

Góry Bystrzyckie i Orlickie – na narty, piesze wędrówki i po powojenne opowieści
